 w(10). Suppose -g + o = 5*g. Is g prime?
False
Suppose 24165 = 17*o + 518. Is o a prime number?
False
Suppose 5*f - 2*f - 282 = 0. Let r(p) = -p**2 + 6*p + 29. Let h be r(12). Let i = f + h. Is i composite?
True
Let f = 57 + -56. Is (f + 0)*25858/14 a composite number?
False
Let o(k) = 18*k**3 + 3*k**2 - 2*k. Let j be o(1). Is (j/(-4))/(5/(-620)) composite?
True
Let j(s) = s**2 + 3*s + 4. Let f be j(-2). Suppose -5*h + 175 + 577 = f*k, 0 = -k - 3*h + 377. Is k composite?
True
Let t(d) = 19*d**2 + 5*d - 5. Let a(c) be the third derivative of -c**4/12 - 2*c**3 + 12*c**2. Let x be a(-8). Is t(x) a composite number?
True
Let w be (3 - (-22)/(-6))*3. Let h(k) = 219*k - 1. Let m(b) = -b + 1. Let g(c) = -h(c) + 2*m(c). Is g(w) a prime number?
False
Let c be 2 + 8 + -5 + 5028*1. Let j = c + -3300. Is j a prime number?
True
Suppose -q + 209 = -27. Suppose -2*d - 2*d + 20 = 0. Suppose -w + q = -0*w + 5*s, -d*w = 2*s - 1065. Is w composite?
False
Let q(p) = 10*p**2 + 2*p - 2. Let h be q(-2). Suppose 4*o = -4, 0*o = -2*g + 4*o - 4. Is (-3)/(-3 - g) + h composite?
False
Let z(j) = 26 - 21*j - 3*j - 17*j + 4*j. Is z(-15) prime?
False
Suppose 0 = 5*g + 15, -18*j + 19*j - 2*g - 12275 = 0. Is j a prime number?
True
Suppose -3*h + 0*h + 6 = 0. Suppose -t = -3*c - 79, -h*c + c + 459 = 5*t. Suppose 0 = -2*g - 3*m + t, 5*g + 0*m + 4*m - 210 = 0. Is g a prime number?
False
Let i = -84 + 446. Let w = i - 159. Is w a composite number?
True
Let g = -11872 - -43341. Is g composite?
False
Let b = -857 - -558. Let p be (-522)/8*(-2 - 6). Let a = p + b. Is a prime?
True
Let g = 53 - 179. Let o = 385 + g. Is o prime?
False
Let f(m) = 2*m**2 + 1541. Is f(0) composite?
True
Suppose -395*t + 17247 = -392*t. Is t a prime number?
True
Suppose -7821 = 3*p - w + 4*w, 0 = 2*p - w + 5208. Let m be (-1)/(-3) - p/15. Suppose -93 = -3*r + m. Is r prime?
True
Suppose -7 = -c - 0*c - 2*v, -5*c - 2*v = -35. Let z be c/14 + (-46)/4. Let n = z - -48. Is n a prime number?
True
Let b(c) = -4*c**3 - c**2 - 6*c - 7. Suppose 0 = 2*j + a + 19, -7 - 1 = j - a. Let n be b(j). Suppose 5*d = -127 + n. Is d a prime number?
False
Let m be 247 - -7 - (-2 - 0). Let h = m + 165. Suppose j = -t - j + 209, 2*t - h = -5*j. Is t prime?
False
Let f = 5173 + 6484. Is f a prime number?
True
Suppose 193 = s - k, 4*s - k = -s + 945. Suppose -2*i + s = 2*i. Is i a composite number?
False
Suppose 3*q = -5*d + 10647, 5*q = -d + 4406 + 13361. Is q prime?
False
Suppose 28294 = 8*f + 3758. Is f composite?
False
Let c(j) = 39*j - 145. Is c(24) a composite number?
True
Suppose 0*w = -2*w + 3*c - 19369, 29046 = -3*w + 3*c. Let t = 14118 + w. Is t composite?
False
Suppose 18*v + 80451 = 39*v. Is v a composite number?
True
Let b(g) = g**2 + 4*g + 3. Let f be b(-3). Suppose 2*h = -5*x - f*x - 25, -5*h + 5*x = -25. Suppose 2*u = -2*t + 264, -2*t = -2*u - h*t + 244. Is u composite?
False
Let r = 0 - 0. Suppose r = -3*f + 142 + 176. Suppose s = -s + f. Is s a composite number?
False
Let v(y) = -2*y**2 - 9*y + 7. Let b be v(-4). Suppose -q + b = -1124. Is q a composite number?
True
Suppose -4*t = 3*z - z - 12782, 5*z - t = 31944. Is z a composite number?
False
Suppose 2 = o + 2*k + 8, -o + 29 = -5*k. Let p be (-4)/((-4)/(146*o)). Suppose 2*m - 5*n + 2*n - 307 = 0, -p = -4*m - 4*n. Is m composite?
False
Suppose -2 = 2*d - 3*n - 0, -10 = 2*d - 5*n. Let j be 19/d + (-12)/(-60). Suppose i - j*i = 3*r - 27, 5*r = 3*i - 59. Is i composite?
False
Let q(o) = -o. Let d be q(7). Let l = 7 + d. Suppose -5*p + 29 + 41 = l. Is p composite?
True
Suppose -10 = -2*t + t. Suppose 0*r = -5*r + t. Suppose 3*f = 2*p - 65, -p + 25 + 4 = r*f. Is p prime?
True
Let d(x) = -112*x - 67. Is d(-18) a prime number?
True
Let c = 58 + -59. Is (-10221)/(15/(c + -4)) a composite number?
False
Let h = -1782 - -3353. Is h a composite number?
False
Let g = 14847 + 1996. Is g a prime number?
True
Suppose -2*n - n + 3 = 0. Suppose n = f, -3*l + 523 = l - f. Is l a composite number?
False
Let u(t) = -t + 1. Let m be u(-1). Is 2 - ((-2032)/m)/1 prime?
False
Let w(y) be the second derivative of 67*y**6/90 - y**5/120 - y**3/6 + 7*y. Let g(l) be the second derivative of w(l). Is g(-1) composite?
False
Suppose -4*k = 2*k - 103506. Is k composite?
True
Suppose -6*z + 11*z - 4*r - 225027 = 0, 5*z - 225029 = 3*r. Is z a composite number?
False
Let j = -583 - -348. Let s = 76 - j. Is s a composite number?
False
Let t(p) = 34*p**2 + 3*p + 2. Let b = 30 - 27. Is t(b) a prime number?
True
Let c be 1 + -4 - (3 + -3)/(-1). Is c + 4172/21*(-3)/(-2) prime?
False
Let s(v) = v**3 + 53*v**2 - 28*v + 155. Is s(-39) prime?
True
Let y(f) = 494*f**3 + 2*f**2 + 15*f - 10. Is y(3) a prime number?
False
Let m(f) = 5372*f**3 - 5*f + 5. Is m(2) a prime number?
False
Let h be (17/(-68))/((-2)/24). Suppose h*q - 5*a + 9 = -4, a = -5*q - 59. Let s(p) = p**3 + 14*p**2 + 8. Is s(q) a composite number?
True
Suppose -34*y = -67792 + 16350. Is y a composite number?
True
Let p = 32 - 22. Is (-3546)/(-4) - (-5)/p composite?
False
Suppose -2*v + 6 = -b - 0*b, -2*b - 3*v = -9. Suppose 2*c - 4*r = -b*r + 4054, -3*c + r + 6066 = 0. Is c composite?
True
Suppose -6*k + 60 = -4*k. Suppose -2*l = -5*l + k. Is 2/l - (-669)/5 a prime number?
False
Suppose -10 = -3*y + y, 4*m - 5*y - 99 = 0. Let b = 83 + m. Let v = b - 59. Is v a composite number?
True
Suppose -104 = -9*m - 4*m. Is (-21658)/(-8) + ((-26)/m - -3) prime?
True
Let g = -2013 + 4162. Is g a prime number?
False
Let u = -7040 + 16687. Is u prime?
False
Let l(a) = 3*a**2 - 8. Let s(g) = -g + 4. Let x be s(-1). Is l(x) prime?
True
Suppose -20*w - 5*l = -19*w - 51134, -2*l - 51162 = -w. Is w composite?
True
Suppose -12 = -5*q + q. Suppose 3 = q*i, -w - 6 - 3 = -4*i. Let p(x) = 19*x**2 - 3*x - 11. Is p(w) a composite number?
False
Let b(i) be the first derivative of 4*i**3 + 5*i**2/2 - 26*i + 11. Is b(11) composite?
False
Let j = -6191 - -10836. Suppose 11*l = 6*l - j. Let m = l + 1396. Is m a prime number?
True
Let n(z) = -z**2 + 14*z - 4. Let d be n(10). Is d/24*(-1492)/(-6) a prime number?
True
Let u(v) = 22*v + 2921. Is u(0) a composite number?
True
Suppose -3*i + 0*j + 257 = -j, 3*i + 2*j - 260 = 0. Suppose 0 = 3*g + 4*q - 11, -3*g - q + 1 = -2*q. Is i - (1 + 1 + g) a prime number?
True
Suppose 9*f = 6*f + 12. Suppose -586 = -f*u + 2386. Is u a prime number?
True
Let a(l) be the second derivative of -l**5/20 + l**4/4 + l**3/2 + l**2/2 - 4*l. Let s = -5 + 8. Is a(s) prime?
False
Let k = 71796 - 38363. Is k prime?
False
Suppose 4*v + 4*o - 111672 = 0, -2*v - 3*o = -7*o - 55866. Is v prime?
False
Let p = -100 + 53. Let q = 141 + p. Is q a composite number?
True
Let c(r) be the first derivative of -27*r**4/2 + r**3/3 + r**2/2 + r + 1. Let t = -137 + 136. Is c(t) a composite number?
True
Let h(q) = 538*q + 45. Is h(8) a prime number?
True
Let v(t) = -5*t + 10. Let u be v(2). Suppose 3*r + 16 - 811 = u. Is r composite?
True
Suppose 102*d + 65540 = 122*d. Is d a prime number?
False
Suppose 15855 - 1625 = -5*j. Let p = j + 4181. Is 4/(-16) - p/(-12) a prime number?
False
Suppose -48*k + 43*k = -1265. Let z = -132 + k. Is z a prime number?
False
Let u(c) = 68*c**3 - 3*c - 71. Is u(6) a composite number?
True
Suppose -1413 = 2*c - 4*a + 3323, -3*c + 4*a = 7096. Let t be ((-6)/(-5))/((-6)/c). Suppose -t = -3*w + 17. Is w composite?
False
Let w be (42/(-5))/((-3)/10). Suppose -k = -w - 84. Let y = -78 + k. Is y prime?
False
Suppose -7*x + 11*x - 636 = 0. Let f(v) = -15*v - 3. Let p be f(7). Let m = p + x. Is m a composite number?
True
Let g = 87 - 73. Suppose g*f = 13*f + 379. Is f a composite number?
False
Let a(i) = 79*i**2 + 117*i - 47. Is a(11) prime?
True
Suppose 55 = 3*c + 13. Let y = c + -16. Is (-2)/(-4) + (-51)/y a prime number?
False
Let b be 5/4 + (-111481)/(-92). Suppose 4*r = 4831 + b. Is r prime?
True
Suppose 1017 + 7988 = 5*n. Is n a prime number?
True
Let w(k) = -k**3 - 10*k**2 + 70*k + 32. Is w(-17) a composite number?
True
Suppose 2 + 0 = v. Suppose v*o - 664 = -2*j, -5*j = -3*o + 481 + 507. Is o composite?
False
Suppose 2*c - z = -0*z + 641, 4*z = 3*c - 969. Let m be c/((3/(-1))/(-6)). Is 1/(-3) + m/6 composite?
True
Let z(d) = -21*d + 145*d + 13 - 6. Is z(6) a prime number?
True
Suppose -3*m + 5504 = o, 4*o - 3089 - 18938 = -m. Is o a compo